omposite?
True
Is 171611 composite?
True
Is 679 a prime number?
False
Is 1812643 a composite number?
True
Is 3613 a composite number?
False
Is 38839 a composite number?
False
Is 40901 prime?
False
Is 5489 prime?
False
Is 14291 composite?
True
Is 86851 a prime number?
True
Is 45997 composite?
True
Is 11389 a composite number?
True
Is 442381 prime?
False
Is 16221 prime?
False
Is 32837 a composite number?
True
Is 645467 a composite number?
False
Is 18713 a composite number?
False
Is 17111 composite?
True
Is 1253387 a composite number?
True
Is 300623 composite?
False
Is 926441 a prime number?
False
Is 121999 a composite number?
True
Is 140977 a composite number?
False
Is 181693 a prime number?
True
Is 711793 a composite number?
False
Is 785 a composite number?
True
Is 13883 a prime number?
True
Is 1801 a composite number?
False
Is 13121 prime?
True
Is 12451 prime?
True
Is 635147 a composite number?
False
Is 171265 prime?
False
Is 20197 prime?
False
Is 25871 a composite number?
True
Is 23185 composite?
True
Is 16217 a prime number?
True
Is 314633 a composite number?
True
Is 210803 composite?
False
Is 63977 a prime number?
True
Is 37055 a prime number?
False
Is 29059 prime?
True
Is 3943 a composite number?
False
Is 120551 a prime number?
True
Is 8594 a composite number?
True
Is 82403 prime?
False
Is 271407 prime?
False
Is 9458 a prime number?
False
Is 169553 a prime number?
True
Is 289045 a composite number?
True
Is 328733 prime?
False
Is 447983 prime?
True
Is 4601 a composite number?
True
Is 1453847 a prime number?
True
Is 47189 composite?
False
Is 147019 composite?
True
Is 618637 prime?
True
Is 48154 composite?
True
Is 1160933 a prime number?
False
Is 1487711 a composite number?
False
Is 28895 composite?
True
Is 42061 a prime number?
True
Is 20327 prime?
True
Is 82 prime?
False
Is 281861 composite?
True
Is 248533 a composite number?
False
Is 267459 a prime number?
False
Is 29519 a composite number?
True
Is 2144879 a prime number?
False
Is 228909 prime?
False
Is 1151 a composite number?
False
Is 21453 composite?
True
Is 120221 prime?
False
Is 4714 composite?
True
Is 8287 a composite number?
False
Is 378583 a prime number?
True
Is 1196807 a prime number?
False
Is 342766 a prime number?
False
Is 16991 prime?
False
Is 122861 composite?
False
Is 48071 a prime number?
False
Is 94597 prime?
True
Is 11801 composite?
False
Is 500893 a prime number?
False
Is 49085 composite?
True
Is 117239 a prime number?
True
Is 502 a prime number?
False
Is 45159 a composite number?
True
Is 4559 composite?
True
Is 362191 a prime number?
True
Is 970201 prime?
True
Is 16477 a prime number?
True
Is 24761 prime?
False
Is 11413 prime?
False
Is 8141 a composite number?
True
Is 177739 a composite number?
False
Is 11399 a composite number?
False
Is 12287 a composite number?
True
Is 819635 composite?
True
Is 2194 composite?
True
Is 14579 a composite number?
True
Is 2321 a composite number?
True
Is 56939 a prime number?
False
Is 28111 a composite number?
False
Is 187787 composite?
False
Is 23977 a composite number?
False
Is 8419 a prime number?
True
Is 231421 a composite number?
True
Is 1814243 prime?
False
Is 256441 composite?
False
Is 89801 prime?
False
Is 91493 prime?
True
Is 1048123 a prime number?
True
Is 379 a composite number?
False
Is 715109 composite?
False
Is 805843 prime?
True
Is 10961 composite?
True
Is 132947 a composite number?
False
Is 1282 composite?
True
Is 37274 a composite number?
True
Is 21959 composite?
True
Is 791 composite?
True
Is 1511 a prime number?
True
Is 14005 a prime number?
False
Is 8861 prime?
True
Is 21269 a prime number?
True
Is 23809 prime?
False
Is 4058662 a composite number?
True
Is 120193 composite?
False
Is 1789259 a composite number?
True
Is 4918 a prime number?
False
Is 18269 composite?
False
Is 20639 composite?
False
Is 20477 composite?
False
Is 63361 a prime number?
True
Is 45691 prime?
True
Is 29789 composite?
False
Is 30427 a prime number?
True
Is 66569 composite?
False
Is 115945 prime?
False
Is 1371 prime?
False
Is 58711 a prime number?
True
Is 158387 a composite number?
True
Is 97023 composite?
True
Is 7121 composite?
False
Is 14961 prime?
False
Is 93301 composite?
True
Is 27361 composite?
False
Is 300971 prime?
False
Is 821497 a composite number?
False
Is 1690349 a prime number?
True
Is 3152167 a prime number?
True
Is 112901 prime?
True
Is 16438 composite?
True
Is 158611 a prime number?
True
Is 1657 prime?
True
Is 199483 a prime number?
True
Is 212813 a prime number?
False
Is 171077 a composite number?
False
Is 835 composite?
True
Is 6839 prime?
False
Is 1259471 prime?
False
Is 3433 a prime number?
True
Is 34667 a prime number?
True
Is 1249 composite?
False
Is 791529 a prime number?
False
Is 579729 composite?
True
Is 1431047 a prime number?
True
Is 156059 prime?
True
Is 4600087 composite?
False
Is 46571 prime?
False
Is 422953 composite?
True
Is 141431 prime?
False
Is 66523 a composite number?
False
Is 129439 composite?
False
Is 102059 prime?
True
Is 283391 composite?
True
Is 247733 a composite number?
True
Is 3659 a prime number?
True
Is 54039 composite?
True
Is 18013 prime?
True
Is 35671 composite?
False
Is 24331 prime?
False
Is 872731 a composite number?
False
Is 11863 a composite number?
False
Is 1103797 a prime number?
True
Is 30127 a prime number?
False
Is 436231 a prime number?
True
Is 20841 a composite number?
True
Is 35951 composite?
False
Is 1041749 a prime number?
False
Is 22207 a composite number?
True
Is 18089 composite?
False
Is 82749 a prime number?
False
Is 40999 composite?
True
Is 122779 a prime number?
False
Is 292903 prime?
False
Is 2999 a prime number?
True
Is 16361 a prime number?
True
Is 1655 a composite number?
True
Is 12143 a composite number?
False
Is 10723 prime?
True
Is 95365 a prime number?
False
Is 40693 a prime number?
True
Is 29306 prime?
False
Is 2609 prime?
True
Is 13094 prime?
False
Is 25813433 composite?
False
Is 207353 prime?
False
Is 2333 composite?
False
Is 34421 a composite number?
False
Is 148919 a composite number?
True
Is 8707 prime?
True
Is 5567 a prime number?
False
Is 164231 prime?
True
Is 486467 a prime number?
False
Is 47605 prime?
False
Is 1571 a prime number?
True
Is 24569 a composite number?
True
Is 3831 a composite number?
True
Is 456403 a prime number?
True
Is 599 a composite number?
False
Is 30913 a prime number?
False
Is 314953 prime?
True
Is 1522 a prime number?
False
Is 272419 composite?
True
Is 2074321 a composite number?
False
Is 292927 prime?
False
Is 308341 composite?
True
Is 691 prime?
True
Is 69226 a prime number?
False
Is 287659 composite?
True
Is 23995 a prime number?
False
Is 2217799 prime?
True
Is 1241 a composite number?
True
Is 135791 a prime number?
False
Is 109163 a composite number?
True
Is 18113 prime?
False
Is 6911 a composite number?
False
Is 8353 prime?
True
Is 13771 a composite number?
True
Is 783227 a prime number?
True
Is 20021 composite?
False
Is 34519 prime?
True
Is 282377 a prime number?
True
Is 46967 prime?
False
Is 452273 composite?
True
Is 161537 composite?
True
Is 30293 a composite number?
False
Is 1709 a composite number?
False
Is 33521 a prime number?
True
Is 32741 prime?
False
Is 269033 prime?
False
Is 213337 a composite number?
False
Is 311807 prime?
True
Is 247 a prime number?
False
Is 13027 a composite number?
True
Is 15727 composite?
False
Is 98405 composite?
True
Is 3899 a composite number?
True
Is 183611 composite?
False
Is 20063 prime?
True
Is 10901 composite?
True
Is 594129 composite?
True
Is 51215 a prime number?
False
Is 215239 a prime number?
True
Is 1954 a prime number?
False
Is 4573 a composite number?
True
Is 11819 a prime number?
False
Is 53353 composite?
False
Is 329255 prime?
False
Is 61121 a composite number?
False
Is 128021 a composite number?
False
Is 84957 a prime number?
False
Is 818143 a prime number?
True
Is 619247 prime?
True
Is 37649 prime?
True
Is 28403 a composite number?
False
Is 5509 a prime number?
False
Is 57571 prime?
True
Is 10111 composite?
False
Is 213091 prime?
True
Is 8903 composite?
True
Is 132199 composite?
False
Is 3192811 composite?
True
Is 676763 prime?
True
Is 2135777 prime?
False
Is 39211 prime?
False
Is 893777 a prime number?
True
Is 1663 prime?
True
Is 546491 a composite number?
True
Is 4711 a compo